 3207 = 3*a - 2*g. What are the prime factors of a?
11, 97
Let n = 0 + 5. Suppose 4*u + 0*u + 38 = 2*o, -2*o = n*u + 43. List the prime factors of 2/9 - 97/u.
11
Suppose -27*y + 353 = -26*y. List the prime factors of y.
353
Let i(x) = 60*x + 2. Let t be i(2). Suppose -109 = 3*q + 2*l, -3*q - q + 2*l - t = 0. Let z = 46 + q. List the prime factors of z.
13
Let w(a) = 4*a - 16. Suppose y - 1 + 2 = 4*m, 2*y + 5*m - 37 = 0. List the prime factors of w(y).
2, 7
Let a be 4/16 + (-2875)/(-4). Suppose 249 = 8*o - a. List the prime factors of o.
11
Let f be 2*7 + 7 + -4. Let c = f + 11. What are the prime factors of c?
2, 7
Suppose v + i - 231 = 0, -3*v + 6*v - 689 = -5*i. List the prime factors of v.
233
Let c(y) = -y**2 + 8*y - 7. Let w be c(7). Suppose -4*h + w + 4 = 0. List the prime factors of h - 5 - (-16 - -2).
2, 5
Suppose 0 = o - 4125 - 299. List the prime factors of o.
2, 7, 79
Let r(i) = i**3 + 128. Let q be r(0). Suppose -4*h + q = -0*h. Suppose 3*k = 4*l + h, -3*k + 29 = 4*l - 35. List the prime factors of k.
2
Let v(l) = -2*l + 18. Let n be v(11). List the prime factors of (5/n)/((-8)/480).
3, 5
Suppose -8*t + 3410 + 1382 = 0. List the prime factors of t.
599
Let c(f) = 3*f. Let b be c(-6). List the prime factors of (2/2 - b)/(-14 + 15).
19
Suppose 39*u = 36*u + 795. Suppose u = 4*m + m. What are the prime factors of m?
53
Suppose 4*g = 16, -5*z + 199 = 4*g - 2627. What are the prime factors of z?
2, 281
Let j be 7*4*(-78)/8. Let x = j + 398. List the prime factors of x.
5
Let i = 2125 + -892. List the prime factors of i.
3, 137
Let q(a) = -a**3 + 14*a. Let u(m) = m**3 + m**2 - 15*m. Let h = 26 - 29. Let g(i) = h*q(i) - 2*u(i). List the prime factors of g(5).
3, 5
Suppose -25*b + 29*b - 16 = 0. Suppose b*i - 324 = -0*i. What are the prime factors of i?
3
Suppose 3*m + m = -4*d - 64, 5*m = -d - 64. Let v = 6 + m. Let k(q) = q**2 + 4*q - 7. List the prime factors of k(v).
5
Let d = 36 - 26. Suppose t + 3 - d = 3*v, t + 1 = 5*v. Suppose 0 = 3*b - 3*i - 9, 3*b - t = -3*i + i. List the prime factors of b.
5
Suppose 3*h + 4*s = -0*h - 28, -3*s = -3*h - 21. List the prime factors of (20 + 2)/(-6 - h).
11
Let l be 47 + 4 + -2 + (5 - 2). Suppose 0 = 2*q - 6*h + 2*h - l, -h = -1. What are the prime factors of q?
2, 7
Let q(f) be the first derivative of f**4/12 + 31*f**2/2 - 10*f - 8. Let u(a) be the first derivative of q(a). What are the prime factors of u(0)?
31
Let y(g) = g**3 + 11*g**2 + 3*g - 2. Let j = 33 - 28. Suppose m + 14 = -2*f, -j*m - 4*f = -2*f + 54. List the prime factors of y(m).
2, 17
Let a(o) = -o**3 - 11*o**2 + 9*o + 2. Let t be -12 + 0 + 0/(-4). What are the prime factors of a(t)?
2, 19
Let z = -1666 + 3570. Suppose 15*f = 8*f + z. What are the prime factors of f?
2, 17
Let y(a) = 2*a**2 - 22*a - 34. List the prime factors of y(15).
2, 43
Let f(s) be the second derivative of 5*s**4/12 - s**3/2 - s**2/2 + s. Let h(y) be the first derivative of f(y). What are the prime factors of h(3)?
3
Let c(t) = -2*t**2 - 4*t - 4. Let j be c(-3). Let x(y) = -2*y - 13. Let o be x(j). Suppose 4*s + 30 = o*s. What are the prime factors of s?
2, 5
Suppose 10 = 2*g - 8. Suppose 0 = 4*m + 5*o - 21, g = -m + 3*m + o. Suppose -2*v - m*p + 65 = -9*p, -115 = -4*v + 5*p. List the prime factors of v.
5
Let j(z) be the first derivative of -z**4/2 - 8*z**3/3 - 5*z**2/2 - z + 15. What are the prime factors of j(-5)?
2, 37
List the prime factors of -52*4/(-16)*14.
2, 7, 13
Suppose -4 = f, -z + 3*f = 3*z - 9068. List the prime factors of z.
2, 283
Let s(p) = -48*p - 193. What are the prime factors of s(-20)?
13, 59
Suppose -20*k = -19*k - 55. Let t = -52 + k. List the prime factors of t.
3
What are the prime factors of 415/15*-15*(-16)/5?
2, 83
Let z be (-2)/(-6) + (-69)/(-9). Suppose q + z = 45. What are the prime factors of q?
37
Let j(h) = -h**2 + 3*h - 1. Let t be j(3). Let n = -5 - t. List the prime factors of n/10 + 4176/90.
2, 23
What are the prime factors of (-19 + 1)/6 + 634?
631
Let m be 4 + 12*3/2. List the prime factors of m/6*(2 - -1).
11
Suppose 3*x + 4*h - 601 = 0, 720 - 124 = 3*x + 5*h. What are the prime factors of x?
3, 23
Let s = 8 - 10. List the prime factors of (-2*1)/s*(-15 - -102).
3, 29
Suppose 0 = 4*h + 5*x - 360, 5*h - 2*x + 93 = 6*h. List the prime factors of h.
5, 17
Suppose 4*x - 6723 = -967. List the prime factors of x.
1439
Let v be 7 + (1 - (-2)/1). Suppose -5*n = x - 100, 3*x + 5 = -v. List the prime factors of n.
3, 7
Let l(t) = t**3 - 44*t**2 + 48*t - 128. List the prime factors of l(44).
2, 31
Let d be (0 - 3)/((-18)/(-24)). Let w(b) = 2*b**2 + b - 5. Let t be w(d). Suppose 0 = -2*m + t - 7. List the prime factors of m.
2
Suppose 6*s - 1 = -19. Let a(u) = -4*u - 10. Let v be a(s). Suppose -v*x = -x - 54. What are the prime factors of x?
2, 3
Let t(n) = 4285*n**2 - 35*n + 33. List the prime factors of t(1).
4283
Let z(a) = -2*a**2 + 9*a - 2. Let q be z(3). Let u(j) = j**2 + 3*j - 7. List the prime factors of u(q).
3, 7
Suppose -13*g = -8*g + 15. Let u(i) = 7*i**2 - 2*i + 1. What are the prime factors of u(g)?
2, 5, 7
Suppose -5*g - 1060 - 715 = -4*z, -4*g - 441 = -z. What are the prime factors of z?
5, 89
Let n(c) = 607*c**2 - 2*c + 2. List the prime factors of n(-1).
13, 47
Let i = -5841 + 8399. What are the prime factors of i?
2, 1279
Let o(h) = 4*h**3 + 3*h**2 + h + 2. Let s be o(-2). What are the prime factors of (3 - (-52)/s)*200?
2, 5
Let g = 76 - 47. Let u = -25 + g. Suppose h - 3*s = -4*h + 70, -5*s = u*h - 19. List the prime factors of h.
11
Suppose 4 = -4*i + 5*c, -9*c + 4*c + 12 = -2*i. Suppose -3*k + 454 = i*s, 4*s - 657 = -4*k - 57. List the prime factors of k.
2, 73
Suppose -2*u + 7*u = 45. Suppose u*k - 6*k = 60. What are the prime factors of k?
2, 5
Let j(s) = -s**2 + 18*s - 10. Let r be j(17). Suppose -g + 64 = r. List the prime factors of g.
3, 19
Let k be 200/3*(-72)/(-30). Suppose y + k = -y. Let q = -28 - y. List the prime factors of q.
2, 13
Let q = -21 - -23. Let a(t) = 3*t**3 + t**2 + 1. List the prime factors of a(q).
29
Suppose -23 = -p + 2*p + 5*m, 0 = -4*p + m - 92. Let s(y) = y**3 - 6*y**2 + 2*y - 3. Let n be s(5). Let x = n - p. List the prime factors of x.
5
Suppose -5*n - 5854 = -4*w, -578 = -w + 2*n + 884. What are the prime factors of w/14 - ((-26)/(-7) - 4)?
3, 5, 7
Let d be (-3)/(-1)*(-39)/(-9). Suppose -d*y + 2*y = -1265. List the prime factors of y.
5, 23
Suppose -6 = 2*n, -3*w + n + 19 - 4 = 0. Let y(o) = o**2 - 7*o + 3*o + w*o + 2. List the prime factors of y(8).
2, 3, 11
Let t be (304/4)/((-2)/(-20)). Suppose 6*b = 5*r + b - t, 3*b = 4*r - 604. Suppose i = 3*o - 110 + 21, 2*i = 5*o - r. What are the prime factors of o?
2, 3, 5
Suppose 3*r = -3*r + 12. Suppose 4*s - 3*l = 311, -s + 49 = 3*l + r*l. List the prime factors of s.
2, 37
Let d(h) = -h - 2. Let r be d(1). Let w = -42 - -30. Let v = r - w. List the prime factors of v.
3
Suppose 3*n + 15 = 0, -f - 2*n - 15 = 4*f. List the prime factors of (-19)/f - (0 - -3).
2
Let o(q) be the second derivative of -q**5/20 + 3*q**4/4 - 2*q**3/3 - 7*q**2/2 + 9*q. List the prime factors of o(8).
5
Let l(x) = -52*x - 358. List the prime factors of l(-50).
2, 19, 59
Suppose 3*p + 2*t - 485 = 0, 447 = 5*p - t - 357. Suppose -2*g + p = -25. What are the prime factors of g?
3, 31
Let r = 20 + -11. Let c = 23 + r. What are the prime factors of 3 + c + (0 - 2)?
3, 11
Let t be -91 + (-4 - -5)*0. Let h = 180 + t. Let u = -39 + h. List the prime factors of u.
2, 5
Let a = 9969 - 6163. What are the prime factors of a?
2, 11, 173
What are the prime factors of 60/72*6 + 65?
2, 5, 7
Let h(y) = y**3 - 6*y**2 - 4*y + 14. Let v be h(9). Let g = v + -146. What are the prime factors of g?
3, 5
Let v be (-18)/(-6) - (0 - 1). Let z be (6/v)/((-9)/(-60)). Suppose 2*s - h = z, -2*h + 15 = -5*s + 40. What are the prime factors of s?
5
Let k = 1070 + -676. Suppose 2*u - 5*u + k = 5*d, -4*d = u - 311. What are the prime factors of d?
7, 11
Let l be ((-2)/4)/((-7)/(-644)). Let w = l + 111. Suppose 2*f = 7*f - w. List the prime factors of f.
13
Suppose 8*j - 6*j = 2616. Suppose -5*i + j = 4*f, 786 = 4*i - i + 3*f. What are the prime factors of i?
2, 5, 13
Suppose 2*n - 3*f - 6 = 4*n, -2*f = -5*n + 23. Suppose 0 = 4*g + 3*y - 20, 14 + 6 = g - n*y. What are the prime factors 